e h(6).
4
Let r(s) = -43*s + 1890. Calculate r(44).
-2
Let r(a) = -3*a**2 - 2*a - 41. Calculate r(-5).
-106
Let j(z) = 2*z**3 - 7*z**2 - 7. Give j(4).
9
Let x(s) = s**3 - 4*s**2 - 2*s + 2. Calculate x(4).
-6
Let n(g) = -g**3 + 4*g**2 + 12*g + 10. Determine n(6).
10
Let n(m) = 2*m**2 + 13*m + 8. Calculate n(-6).
2
Let d(q) = -10*q + 84. Determine d(10).
-16
Let u(q) = -q**3 - 2*q**2 + 8*q + 9. What is u(-3)?
-6
Let x(q) = -2*q**3 - 28*q**2 - 11*q - 146. Calculate x(-14).
8
Let a(r) = -r**2 + 10*r + 5. Give a(11).
-6
Let f(q) = -q**2 - 32*q + 41. Calculate f(-33).
8
Let x(i) = -5*i + 3. Give x(14).
-67
Let s(c) = -c**2 + c - 6. Give s(-5).
-36
Let x(m) = m**2 + m - 38. Calculate x(0).
-38
Let c(s) = -2*s**3 - s**2 + 3*s - 2. Determine c(1).
-2
Let u(v) = 2*v - 33. Give u(20).
7
Let n(t) = -2*t**3 + 119*t**2 - 57*t - 126. What is n(59)?
-8
Let j(p) = -p**3 + 8*p**2 + 4*p - 9. Determine j(8).
23
Let g(w) = 11*w - 25. Calculate g(4).
19
Let v(y) = y**3 - 25*y**2 - 23*y - 24. Determine v(26).
54
Let l(h) = -11*h - 33. Give l(-3).
0
Let s(d) = 2*d + 13. Give s(5).
23
Let o(z) = z + 36. Determine o(-25).
11
Let a(o) = -o. Give a(6).
-6
Let p(x) = 71*x - 6. Determine p(-2).
-148
Let w(j) = -j**3 - 8*j**2 - 4*j - 12. Calculate w(-8).
20
Let c(s) = 29*s + 86. Calculate c(-5).
-59
Let l(d) = d**2 + 35*d - 203. Determine l(5).
-3
Let r(b) = 3*b + 3. Calculate r(-7).
-18
Let k(h) = -h**3 + 9*h**2 - 8*h - 23. What is k(8)?
-23
Let j(q) = 17*q**3 - q**2 + 1. What is j(1)?
17
Let f(d) = -14*d + 3. Determine f(-5).
73
Let v(l) = l**3 + 7*l**2 + 9*l - 2. Calculate v(-4).
10
Let h(w) = w**3 - 21*w**2 + 22*w - 40. Determine h(20).
0
Let f(j) = 28*j + 4. Calculate f(-1).
-24
Let j(h) = -h - 32. What is j(-18)?
-14
Let z(c) = -c**3 - 2*c**2 - 4*c - 2. What is z(-3)?
19
Let v(m) = m**2 - 14*m + 26. Determine v(11).
-7
Let m(o) = o**3 - 4*o**2 - 6*o + 12. What is m(5)?
7
Let f(a) = -10*a - 188. What is f(-19)?
2
Let w(l) = -l**3 - 5*l**2 - 3*l + 3. What is w(-3)?
-6
Let g(o) = o**3 + 3*o**2 + 5*o + 3. What is g(-3)?
-12
Let g(y) = -y**2 + 9*y - 9. Calculate g(6).
9
Let m(f) = f**3 + 14*f**2 + 3*f + 47. What is m(-14)?
5
Let p(w) = -w**3 + 4*w**2 + 60*w - 1. Give p(10).
-1
Let q(j) = 2*j**2 + 7*j - 52. Determine q(5).
33
Let q(k) = 2*k**2 + 3*k - 67. Give q(-6).
-13
Let w(t) = -2*t**2 + 26*t + 19. Give w(14).
-9
Let m(t) = -26*t - 111. Determine m(-4).
-7
Let m(b) = 2*b**3 - 26*b**2 - 1. Calculate m(13).
-1
Let m(p) = -p**2 + 4*p + 5. What is m(6)?
-7
Let i(c) = 5*c**2 - 9*c + 1. Give i(3).
19
Let v(n) = n**2 - 12*n + 16. Determine v(11).
5
Let d(o) = -o**3 + 35*o**2 - 65*o - 41. Calculate d(33).
-8
Let k(u) = -8*u - 22. Give k(-6).
26
Let k(p) = p**2 + 4*p - 16. Calculate k(-9).
29
Let i(z) = z**3 - 9*z**2 + 3*z + 25. Determine i(8).
-15
Let d(a) = 2*a**2 - 3*a - 1. Give d(2).
1
Let y(r) = 3*r + 47. Calculate y(-15).
2
Let b(x) = -x**3 + 9*x**2 + x + 8. Calculate b(9).
17
Let l(r) = -20*r - 53. Give l(-3).
7
Let u(q) = 3*q + 48. Determine u(5).
63
Let z(x) = 7*x + 2. What is z(-2)?
-12
Let y(d) = -d**3 - 4*d**2 - 9. Determine y(-5).
16
Let p(s) = s**2 - 9*s + 1. What is p(6)?
-17
Let a(b) = 2*b**2 + 57*b + 47. Calculate a(-28).
19
Let b(m) = -3*m + 1. Determine b(2).
-5
Let c(t) = t**2 + 13*t + 12. Determine c(-11).
-10
Let o(a) = -4*a + 6. Give o(-5).
26
Let q(s) = -s**2 - 15*s - 7. Calculate q(-15).
-7
Let i(c) = 3*c - 10. Give i(6).
8
Let y(o) = 2*o**2 + 46*o + 5. Calculate y(-22).
-39
Let l(i) = -i**2 + 20*i - 48. Calculate l(17).
3
Let z(x) = 2*x**3 + 21*x**2 - 11*x + 6. What is z(-11)?
6
Let i(x) = x**2 - x - 87. What is i(-8)?
-15
Let l(i) = 44*i. Calculate l(1).
44
Let g(o) = 13*o**3 - 5*o**2 - 6*o. What is g(-1)?
-12
Let z(l) = -2*l**2 - 19*l + 37. Give z(-11).
4
Let h(p) = p**3 - 24*p**2 - 54*p + 9. Give h(26).
-43
Let g(h) = -2*h**2 + 4*h - 5. What is g(-4)?
-53
Let h(o) = 3*o. What is h(2)?
6
Let j(s) = -2*s**2 + 19*s - 16. Determine j(10).
-26
Let y(a) = -5*a - 38. Determine y(-11).
17
Let o(p) = p**3 - 7*p**2 + 24*p - 108. Determine o(6).
0
Let a(h) = -13*h + 40. Calculate a(6).
-38
Let x(d) = d**3 - 23*d**2 - 26*d + 51. What is x(24)?
3
Let d(m) = -m. What is d(-2)?
2
Let k(a) = a**2 + 14*a + 35. Give k(-10).
-5
Let c(u) = -u**3 + 11*u**2 - u + 15. Calculate c(11).
4
Let q(s) = -s**3 - 9*s**2 - 8*s. What is q(-8)?
0
Let p(q) = -26*q**2 - 3*q - 2. What is p(-1)?
-25
Let b(d) = d**2 - 253. Calculate b(16).
3
Let f(k) = -12*k - 397. Give f(-34).
11
Let c(h) = 13*h + 322. Determine c(-25).
-3
Let k(c) = 2*c**2 + 28*c - 27. Give k(-18).
117
Let g(v) = -14*v + 159. Determine g(11).
5
Let w(r) = -2*r**2 + 10*r - 2. What is w(8)?
-50
Let a(w) = w**2 + 13*w - 2. Determine a(-10).
-32
Let j(u) = u**2 + 3*u - 1. What is j(-4)?
3
Let c(z) = -19*z**2 - 74*z + 13. What is c(-4)?
5
Let n(i) = i**3 + 5*i**2 - 3*i + 5. Give n(-6).
-13
Let y(t) = -t**3 - 14*t**2 - 34*t - 19. Give y(-11).
-8
Let i(b) = b**3 - 17*b + 4. What is i(4)?
0
Let c(o) = -o**3 + 5*o**2 - 2*o - 7. What is c(5)?
-17
Let f(s) = 3*s - 56. Give f(18).
-2
Let j(w) = w**3 - 7*w + 41. Calculate j(-4).
5
Let b(l) = l + 8. Calculate b(-8).
0
Let c(r) = -4*r**2 - 7*r + 3. What is c(-3)?
-12
Let j(v) = -v - 9. Determine j(-20).
11
Let f(q) = -3*q + 13. Determine f(-9).
40
Let q(g) = 47*g**3 + g**2 + g - 2. What is q(1)?
47
Let j(m) = -m**3 - 3*m**2 + 5*m + 5. Give j(-4).
1
Let h(o) = 13*o + 25. Determine h(-2).
-1
Let x(y) = y**2 + y + 3. Give x(2).
9
Let c(w) = w**3 - 16*w**2 - 15*w + 4. Calculate c(17).
38
Let u(r) = r**2 + 20*r + 77. What is u(-4)?
13
Let b(p) = 8*p - 38. Determine b(6).
10
Let v(u) = -u**3 + 6*u**2 + 4*u + 11. What is v(5)?
56
Let t(v) = -32*v + 17. Determine t(-2).
81
Let b(z) = z**3 - 17*z**2 + z + 18. Give b(17).
35
Let b(u) = 16*u**2 + 93*u + 6. Give b(-5).
-59
Let t(o) = o**2 + 22*o + 72. Give t(-18).
0
Let d(a) = -3*a + 1. Calculate d(-7).
22
Let u(p) = 4*p + 16. Give u(2).
24
Let p(m) = 3*m + 26. Give p(-10).
-4
Let q(c) = -c**3 + c**2 + 41*c + 13. What is q(7)?
6
Let q(t) = t**2 - 6*t - 2. Determine q(4).
-10
Let l(s) = s**2 - 34*s - 103. Give l(36).
-31
Let l(x) = x**2 + 22*x + 125. What is l(-13)?
8
Let w(x) = -9*x - 2. Give w(-3).
25
Let r(x) = -2*x**3 + 2*x**2 + x + 1. Give r(2).
-5
Let f(w) = -11*w. Calculate f(10).
-110
Let z(t) = -19*t - 439. Determine z(-23).
-2
Let h(t) = 2*t**3 - 11*t**2 - 5*t - 11. Determine h(6).
-5
Let s(t) = 5*t + 65. What is s(-11)?
10
Let c(x) = -4*x + 6. Determine c(-7).
34
Let g(t) = -t**2 + 2*t - 100. What is g(0)?
-100
Let l(k) = k + 31. What is l(-8)?
23
Let a(l) = l**3 - 85*l**2 - 80*l - 521. Give a(86).
-5
Let z(p) = -2*p**2 - 57*p - 41. Calculate z(-26).
89
Let u(h) = -2*h**2 - 22*h + 13. Calculate u(-11).
13
Let x(b) = 2*b**2 - 5*b + 6. Give x(5).
31
Let h(b) = 12*b + 42. Determine h(4).
90
Let l(q) = 2*q**3 - 2*q**2 + 2. Give l(-1).
-2
Let x(m) = m**3 - 20*m**2 + 18*m + 9. Calculate x(19).
-10
Let u(j) = 11*j - 46. Determine u(3).
-13
Let g(v) = -23*v - 23. Calculate g(-2).
23
Let d(b) = -b**3 + 5*b**2 + 4*b + 5. Calculate d(6).
-7
Let z(i) = 3*i**2 - 2*i - 3. What is z(4)?
37
Let z(y) = 34*y - 81. Give z(4).
55
Let f(q) = -q**2 + q - 8. Calculate f(3).
-14
Let h(v) = -30*v - 43. Determine h(-2).
17
Let y(p) = -p**3 - 11*p**2 - 2*p - 29. Give y(-10).
-109
Let m(a) = -a - 21. Determine m(-22).
1
Let d(n) = 3*n - 27. What is d(9)?
0
Let a(z) = -z**3 - 16*z**2 - 16*z - 18. Give a(-15).
-3
Let c(s) = s - 18. Determine c(9).
-9
Let s(v) = -v**2 + 4*v + 12. Determine s(7).
-9
Let q(g) = -37*g + 74. Determine q(2).
0
Let k(n) = 3*n + 4. Give k(-6).
-14
Let p(l) = -l**3 - 21*l**2 + 44*l - 54. Give p(-23).
-8
Let x(k) = -k**2 - 7*k - 6. Give x(-6).
0
Let f(k) = -k**3 - 6*k**2 + 2*k - 9. Give f(-7).
26
Let n(d) = -d**3 + d**2 + d + 1. Determine n(0).
1
Let a(s) = -s**2 - 3*s + 11. Calculate a(-4).
7
Let z(r) = -r**2 - 16*r - 25. What is z(-14)?
3
Let z(y) = -7*y - 70. Determine z(-7).
-21
Let b(n) = -n**2 - 10*n + 6. Give b(-11).
-5
Let u(p) = 2*p**3 - 7*p**2 - p + 1. Calculate u(4).
13
Let t(w) = w**3 - 6*w**2 + w - 14. Determine t(6).
-8
Let m(y) = -y**3 + 4*y**2 - 5*y + 25. Determine m(5).
-25
Let h(r) = r**3 + 4*r**2 - 5*r + 6. What is h(-5)?
6
Let d(l) = -2*l + 32. Calculate d(17).
-2
Let d(l) = l**2 - 2*l + 1. Calculate d(3).
4
Let y(z) 